. What is the greatest common factor of r and 16?
4
Let s(v) = 2*v**3 + 14*v**2 - 52*v + 154. Let j be s(-9). What is the greatest common factor of j and 39038?
298
Suppose 380 = -37*s + 1638. Suppose -30*z = -s*z + 96. What is the greatest common divisor of z and 408?
24
Let q be (-531)/(-12) - 6/(-8). Let t be (6 - 9) + (0 - q). Let m = t + 58. Calculate the highest common divisor of m and 40.
10
Suppose 2*u + 25 = 7*g - 2*g, 3*g + u - 26 = 0. Let o = 33861 - 33644. What is the greatest common factor of o and g?
7
Let h be (1/5 - 102554/470)*(-7)/2. What is the highest common divisor of 1417 and h?
109
Let n = 69 + -63. Suppose -s = n*s - 42. Suppose 0 = -s*m + 1035 + 1071. Calculate the highest common factor of m and 39.
39
Let b = -45 - -44. Let p be (2/(b*2))/((-5)/95). Let i(d) = 2*d**3 - 7*d**2 + 5*d + 2. Let u be i(4). Calculate the highest common factor of p and u.
19
Let z be 190/76*10*(-3 - -7). Suppose 3*u = 4*u - 450. What is the highest common divisor of u and z?
50
Let d be 70/(-14)*(1 + -2) - 3. Suppose d*x - 7*x = 2520. Let k be x/(-30) + 4/(-5). What is the greatest common divisor of 128 and k?
16
Let r(b) = b**2 - 13*b + 1. Let h be r(13). Let n be (3 - h)*(1 + 9). Suppose -g = -5, -g - 4*g + 85 = u. What is the highest common factor of u and n?
20
Let a be 2/(-2) - 85374/(-51). What is the greatest common factor of a and 7?
7
Suppose -2*b - 3*a = -16219, 1063*b = 1060*b - 5*a + 24330. What is the greatest common factor of b and 5?
5
Let j be 1*15*-14*8/(-160)*4. What is the highest common factor of 3038 and j?
14
Suppose 24 = 3*l, o + 170*l - 460 = 172*l. Let j be (8/6)/((-1)/(-21)). Calculate the highest common divisor of o and j.
28
Suppose 18847*i - 37466 = 18834*i. Calculate the greatest common factor of i and 33.
11
Suppose -h + 17*j + 78 = 21*j, -3*j = -3*h + 189. Let w be (0/(-2))/(-2) + 174. Suppose 0 = -4*k + w - h. Calculate the greatest common factor of k and 189.
27
Let r be (-1)/5 + 4942/35. Let l(o) = o**3 + 28*o**2 + 154*o + 68. Let f be l(-20). Calculate the greatest common factor of r and f.
47
Let m = 3823 + -3807. Calculate the greatest common factor of m and 376.
8
Let c = -22021 + 22183. Calculate the highest common divisor of c and 738.
18
Let r be -1 + -7 + 3553 + 100. Calculate the highest common divisor of r and 45.
45
Suppose -100*c - 51156 = 104*c - 218*c. What is the greatest common factor of 378 and c?
126
Suppose 0 = 5*h - 0*h - 55. Suppose 37 + 8 = 5*w. Suppose -4*x + w*x - 605 = 0. What is the highest common factor of h and x?
11
Suppose 5*j - j - 67 = g, 0 = 4*g + 12. Let t = 704 + -701. Suppose 751 = t*i + j. Calculate the greatest common factor of i and 35.
35
Suppose 50*h - 142 = 48*h. Let o = -29 + h. Calculate the greatest common factor of o and 63.
21
Let n = -14 - -19. Suppose -3*j + 187 = n*w + 23, -5*w = 10. Suppose 3*c - j = 26. Calculate the greatest common factor of 84 and c.
28
Suppose y - 13 = -j + 59, 5*y = 10. Let k(b) = 2*b**2 + 3*b - 13. Let a be k(3). Calculate the highest common factor of j and a.
14
Suppose 55*l - 148 = 18*l. What is the greatest common factor of l and 508?
4
Let h = 4791 - 4426. What is the greatest common divisor of h and 1387?
73
Suppose -6*f = 5*f - 1100. Let d be (96/(-40))/((-1)/25). What is the highest common divisor of d and f?
20
Suppose -21189*l + 21203*l = 46774. What is the highest common divisor of 2827 and l?
257
Suppose 34*s + 28 = 27*s. Let h be 252/189*(-117)/s. What is the greatest common divisor of 52 and h?
13
Suppose 8*s + a = 3*s + 30691, 0 = s - 4*a - 6134. Calculate the highest common divisor of s and 44.
22
Suppose -23*s - 207 = -26657. Calculate the greatest common divisor of 138 and s.
46
Let b be 178500/625*20/6. What is the greatest common divisor of b and 425?
17
Let p be 48/(-60) - (-84734)/130. What is the highest common factor of 1932 and p?
21
Let w(l) = -l**2 + 8*l - 9. Let j(u) = -u**3 - 2*u**2 + 15*u - 17. Let c(p) = -3*j(p) + 5*w(p). Let i be c(2). What is the highest common factor of 6 and i?
6
Let y = 125 - 79. Let m = y + -4. What is the highest common factor of m and 28?
14
Let g = -26 + 31. Suppose 1117 = -g*h + 4*r, -2*r - 1259 + 355 = 4*h. Let v = h - -369. Calculate the greatest common divisor of 16 and v.
16
Suppose 0 = -0*o - 4*o - 8. Let d be -3 - ((-48 - o) + 1). Let c be (10/(-8) + 2)/(-6*8/(-384)). Calculate the highest common divisor of c and d.
6
Suppose -13*t + 10*t = 2*a - 44382, -5*a = -30. What is the highest common divisor of 29 and t?
29
Let t(f) = -f**3 - 2*f**2 - 2*f - 10. Let c be t(-5). Let j be ((-7)/5)/((-3)/c). What is the highest common divisor of j and 14?
7
Let y = 65 + -526. Let w = y + 476. Suppose 26 + 4 = 2*q. Calculate the highest common divisor of q and w.
15
Let b = 79 - 62. Suppose -b*s - 84 = -18*s. Let v be -2 + (-58 + -2)/(-2). Calculate the highest common divisor of s and v.
28
Let y(f) = 2*f**2 - 39*f + 244. Let q be y(9). What is the highest common divisor of q and 7535?
55
Let a(q) = 18*q + 281. Let p be a(-9). Calculate the highest common factor of p and 7259.
119
Let a(d) = -d**2 + 65*d + 471. Let y be a(71). Calculate the greatest common divisor of y and 145.
5
Suppose 0 = 611*q - 627*q + 74576. Calculate the greatest common divisor of 177 and q.
59
Let r = -3678 - -3697. Calculate the greatest common divisor of 41 and r.
1
Let x be 0 - (-1)/((-1)/(-90)). Let k = x + -83. Calculate the greatest common divisor of 1 and k.
1
Let n = -272 - -276. Suppose 0 = n*u + 16, 4*u + 1168 = 5*z - z. Calculate the greatest common divisor of z and 12.
12
Suppose 0 = -3*u - 0*i - 4*i - 6, 4*u - 4*i + 8 = 0. Let m(p) = -109*p + 43. Let f be m(u). Calculate the greatest common factor of 29 and f.
29
Suppose 4*o - 34 = 2*h, 5*o - h - 48 = -4*h. Let q(m) = 20*m**2 + 3*m - 14. Let i be q(5). Let t = -357 + i. Calculate the greatest common divisor of t and o.
9
Let p = -904 + 1036. What is the highest common divisor of 594 and p?
66
Let k be (44/6)/((-9)/(-108)). Suppose 3*n = -r + 93, -2*n - 2*r = -70 + 12. Calculate the greatest common factor of n and k.
8
Suppose -5*k - 4*z = -181, z = k + 2*k - 95. Let h = k - 30. Let w(n) = 17*n + 6. Let p be w(h). Calculate the greatest common factor of 38 and p.
19
Let t(w) = -30*w - 9. Let n be t(10). Let l = -218 - n. What is the greatest common factor of l and 65?
13
Let z = -54 - -172. Suppose 122*d = 108*d + 1540. Let w = z - d. What is the highest common factor of w and 8?
8
Let y be 4/((-16)/(-252))*(2 - 92/(-12)). Calculate the highest common factor of y and 696.
87
Let x(j) = -56*j - 582. Let p(c) = -11*c - 116. Let k(i) = -11*p(i) + 2*x(i). Let d be k(8). What is the highest common factor of 16 and d?
8
Let u(a) = -9*a - 3. Let g be u(-1). Suppose -g*n = 792 + 522. Let z = -79 - n. What is the highest common factor of z and 56?
28
Let f = -45 - -48. Let n be (-27)/(-2) + ((-14)/(-4) - f). Calculate the highest common divisor of 112 and n.
14
Let b = 1 - -6. Suppose 5 + b = 4*t. Suppose 0 = -t*x + s + 4 + 29, 16 = x - 2*s. What is the highest common divisor of 40 and x?
10
Let d(g) = -10*g - 682. Let p be d(-73). What is the highest common divisor of p and 3728?
16
Let h be 88 - 84 - (10/(-15) + ((-310)/(-15))/(-2)). Suppose 0 = -3*m + 23 + 1. What is the highest common factor of m and h?
1
Let f(t) = t**2 + 110*t + 686. Let y be f(-6). Calculate the greatest common divisor of y and 4247.
31
Let r = 203 + -200. Suppose -a + 67 = 6*w - 10*w, r*a - 3*w - 174 = 0. What is the greatest common divisor of a and 44?
11
Suppose 758*f = 729*f + 1624. What is the greatest common factor of 3528 and f?
56
Let u be (2 - 58)/(3*1*200/(-900)). Calculate the greatest common factor of 132 and u.
12
Let l = -875 - -1000. Calculate the highest common divisor of 2375 and l.
125
Suppose -55*o = -56*o + 202. Let x = o - 357. Let j be (x/(-25))/(1/5). What is the highest common divisor of j and 248?
31
Let v = -21240 - -21308. Calculate the greatest common factor of 5899 and v.
17
Let z = -208 - -225. Let k(f) = 4*f**2 - 21. Let q be k(-5). Let s = q + -28. Calculate the greatest common factor of s and z.
17
Suppose 0 = 2*b - 697 + 119. Let p be b*1/4 + 36/(-144). What is the highest common factor of 108 and p?
36
Let l = -238 + 193. Let u be 146/14 - l/(-10